{"id":11326,"date":"2022-05-06T09:08:18","date_gmt":"2022-05-06T13:08:18","guid":{"rendered":"https:\/\/munipumanque.cl\/new\/?page_id=11326"},"modified":"2023-06-20T18:06:01","modified_gmt":"2023-06-20T22:06:01","slug":"11326-2","status":"publish","type":"page","link":"https:\/\/munipumanque.cl\/new\/11326-2\/","title":{"rendered":"Pumanque al Dia Edicion Digital"},"content":{"rendered":"\n<figure class=\"wp-block-image size-full\"><img data-recalc-dims=\"1\" loading=\"lazy\" decoding=\"async\" width=\"1436\" height=\"702\" src=\"https:\/\/i0.wp.com\/munipumanque.cl\/new\/wp-content\/uploads\/2022\/05\/banner_Mesa-de-trabajo-1.png?resize=1436%2C702&#038;ssl=1\" alt=\"\" class=\"wp-image-11341\" srcset=\"https:\/\/i0.wp.com\/munipumanque.cl\/new\/wp-content\/uploads\/2022\/05\/banner_Mesa-de-trabajo-1.png?w=1436&amp;ssl=1 1436w, https:\/\/i0.wp.com\/munipumanque.cl\/new\/wp-content\/uploads\/2022\/05\/banner_Mesa-de-trabajo-1.png?resize=768%2C375&amp;ssl=1 768w\" sizes=\"auto, (max-width: 1000px) 100vw, 1000px\" \/><\/figure>\n\n\n\n<p class=\"has-text-align-center\">Edici\u00f3n 14, Abril 2023<\/p>\n\n\n\n<div style=\"position:relative;padding-top:max(60%,324px);width:100%;height:0;\"><iframe style=\"position:absolute;border:none;width:100%;height:100%;left:0;top:0;\" src=\"https:\/\/online.fliphtml5.com\/fmbvi\/ldpv\/\"  seamless=\"seamless\" scrolling=\"no\" frameborder=\"0\" allowtransparency=\"true\" allowfullscreen=\"true\" ><\/iframe><\/div>\n\n\n\n<p class=\"has-text-align-center\">Edici\u00f3n 13, Marzo 2023<\/p>\n\n\n\n<div style=\"position:relative;padding-top:max(60%,324px);width:100%;height:0;\"><iframe style=\"position:absolute;border:none;width:100%;height:100%;left:0;top:0;\" src=\"https:\/\/online.fliphtml5.com\/fmbvi\/gltc\/\"  seamless=\"seamless\" scrolling=\"no\" frameborder=\"0\" allowtransparency=\"true\" allowfullscreen=\"true\" ><\/iframe><\/div>\n\n\n\n<p class=\"has-text-align-center\">Edici\u00f3n 12, Febrero 2023<\/p>\n\n\n\n<div style=\"position:relative;padding-top:max(60%,324px);width:100%;height:0;\"><iframe style=\"position:absolute;border:none;width:100%;height:100%;left:0;top:0;\" src=\"https:\/\/online.fliphtml5.com\/fmbvi\/hktv\/\"  seamless=\"seamless\" scrolling=\"no\" frameborder=\"0\" allowtransparency=\"true\" allowfullscreen=\"true\" ><\/iframe><\/div>\n\n\n\n<p class=\"has-text-align-center\">Edici\u00f3n 11, Enero 2023<\/p>\n\n\n\n<div style=\"position:relative;padding-top:max(60%,324px);width:100%;height:0;\"><iframe style=\"position:absolute;border:none;width:100%;height:100%;left:0;top:0;\" src=\"https:\/\/online.fliphtml5.com\/fmbvi\/hgde\/\"  seamless=\"seamless\" scrolling=\"no\" frameborder=\"0\" allowtransparency=\"true\" allowfullscreen=\"true\" ><\/iframe><\/div>\n\n\n\n<figure class=\"wp-block-pullquote\"><blockquote><p>Edici\u00f3n 1, Marzo 2022<\/p><\/blockquote><\/figure>\n\n\n\n<pre class=\"wp-block-code\"><code><iframe loading=\"lazy\" src=\"https:\/\/player.flipsnack.com?hash=QjY2OEI3Q0M1QTgrN3Rwc3Btajd0OQ==\" width=\"100%\" height=\"600\" seamless=\"seamless\" scrolling=\"no\" frameborder=\"0\" allowfullscreen=\"\" allow=\"autoplay\"><\/iframe><\/code><\/pre>\n\n\n\n<figure class=\"wp-block-pullquote\"><blockquote><p>Edici\u00f3n 2, Abril 2022<\/p><\/blockquote><\/figure>\n\n\n\n<pre class=\"wp-block-code\"><code><iframe loading=\"lazy\" src=\"https:\/\/player.flipsnack.com?hash=QjY2OEI3Q0M1QTgrdWpsZ2xxYW4zMA==\" width=\"100%\" height=\"600\" seamless=\"seamless\" scrolling=\"no\" frameborder=\"0\" allowfullscreen=\"\" allow=\"autoplay\"><\/iframe><\/code><\/pre>\n\n\n\n<figure class=\"wp-block-pullquote\"><blockquote><p>Edici\u00f3n 4, Junio 2022<\/p><\/blockquote><\/figure>\n\n\n\n<iframe loading=\"lazy\" src=\"https:\/\/www.flipbookpdf.net\/web\/site\/d8a65783cffae1aa1a7905a686527677e8530d07202209.pdf.html\" width=\"900\" height=\"637\" frameborder=\"0\" webkitAllowFullScreen mozallowfullscreen allowFullScreen><\/iframe>\n\n\n\n<figure class=\"wp-block-pullquote\"><blockquote><p>Edici\u00f3n 5, Julio 2022<\/p><\/blockquote><\/figure>\n\n\n\n<iframe loading=\"lazy\" src=\"https:\/\/www.flipbookpdf.net\/web\/site\/abda7b1a7bad74e3db457686717f71fc86d5e196202209.pdf.html\" width=\"900\" height=\"637\" frameborder=\"0\" webkitAllowFullScreen mozallowfullscreen allowFullScreen><\/iframe>\n\n\n\n<figure class=\"wp-block-pullquote\"><blockquote><p>Edici\u00f3n 6, Agosto 2022<\/p><\/blockquote><\/figure>\n\n\n\n<iframe style=\"width:900px;height:637px\" src=\"https:\/\/online.fliphtml5.com\/lmssu\/tjma\/\" seamless=\"seamless\" scrolling=\"no\" frameborder=\"0\" allowtransparency=\"true\" allowfullscreen=\"true\"><\/iframe>\n\n\n\n<figure class=\"wp-block-pullquote\"><blockquote><p>Edici\u00f3n 7, Septiembre 2022<\/p><\/blockquote><\/figure>\n\n\n\n<iframe style=\"width:900px;height:637px\" src=\"https:\/\/online.fliphtml5.com\/lmssu\/ikql\/\" seamless=\"seamless\" scrolling=\"no\" frameborder=\"0\" allowtransparency=\"true\" allowfullscreen=\"true\"><\/iframe>\n\n\n\n<figure class=\"wp-block-pullquote\"><blockquote><p>Edici\u00f3n 8, Octubre 2022<\/p><\/blockquote><\/figure>\n\n\n\n<iframe style=\"width:900px;height:637px\" src=\"https:\/\/online.fliphtml5.com\/lmssu\/jokp\/\" seamless=\"seamless\" scrolling=\"no\" frameborder=\"0\" allowtransparency=\"true\" allowfullscreen=\"true\"><\/iframe>\n\n\n\n<figure class=\"wp-block-pullquote\"><blockquote><p>Edici\u00f3n 8, Noviembre 2022<\/p><\/blockquote><\/figure>\n\n\n\n<iframe style=\"width:900px;height:637px\" src=\"https:\/\/online.fliphtml5.com\/lmssu\/dswh\/\" seamless=\"seamless\" scrolling=\"no\" frameborder=\"0\" allowtransparency=\"true\" allowfullscreen=\"true\"><\/iframe>\n\n\n\n<figure class=\"wp-block-pullquote\"><blockquote><p>Edici\u00f3n 9, Diciembre 2022<\/p><\/blockquote><\/figure>\n\n\n\n<iframe style=\"width:900px;height:637px\" src=\"https:\/\/online.fliphtml5.com\/lmssu\/kvrd\/\"  seamless=\"seamless\" scrolling=\"no\" frameborder=\"0\" allowtransparency=\"true\" allowfullscreen=\"true\" ><\/iframe>\n\n\n\n<p><\/p>\n","protected":false},"excerpt":{"rendered":"Edici\u00f3n 14, Abril 2023 Edici\u00f3n 13, Marzo 2023 Edici\u00f3n 12, Febrero 2023 Edici\u00f3n 11, Enero 2023 Edici\u00f3n 1, Marzo 2022 Edici\u00f3n 2, Abril 2022 Edici\u00f3n 4, Junio 2022 Edici\u00f3n 5, [&hellip;]","protected":false},"author":10,"featured_media":0,"parent":0,"menu_order":0,"comment_status":"closed","ping_status":"closed","template":"","meta":{"footnotes":""},"class_list":["post-11326","page","type-page","status-publish","hentry"],"_links":{"self":[{"href":"https:\/\/munipumanque.cl\/new\/wp-json\/wp\/v2\/pages\/11326","targetHints":{"allow":["GET"]}}],"collection":[{"href":"https:\/\/munipumanque.cl\/new\/wp-json\/wp\/v2\/pages"}],"about":[{"href":"https:\/\/munipumanque.cl\/new\/wp-json\/wp\/v2\/types\/page"}],"author":[{"embeddable":true,"href":"https:\/\/munipumanque.cl\/new\/wp-json\/wp\/v2\/users\/10"}],"replies":[{"embeddable":true,"href":"https:\/\/munipumanque.cl\/new\/wp-json\/wp\/v2\/comments?post=11326"}],"version-history":[{"count":22,"href":"https:\/\/munipumanque.cl\/new\/wp-json\/wp\/v2\/pages\/11326\/revisions"}],"predecessor-version":[{"id":12289,"href":"https:\/\/munipumanque.cl\/new\/wp-json\/wp\/v2\/pages\/11326\/revisions\/12289"}],"wp:attachment":[{"href":"https:\/\/munipumanque.cl\/new\/wp-json\/wp\/v2\/media?parent=11326"}],"curies":[{"name":"wp","href":"https:\/\/api.w.org\/{rel}","templated":true}]}}