{"id":13037,"date":"2026-04-29T17:14:45","date_gmt":"2026-04-29T21:14:45","guid":{"rendered":"https:\/\/munipumanque.cl\/new\/?page_id=13037"},"modified":"2026-04-29T17:14:49","modified_gmt":"2026-04-29T21:14:49","slug":"cuentas-publicas","status":"publish","type":"page","link":"https:\/\/munipumanque.cl\/new\/cuentas-publicas\/","title":{"rendered":"Cuentas Publicas"},"content":{"rendered":"\n<figure class=\"wp-block-image size-full\"><img data-recalc-dims=\"1\" loading=\"lazy\" decoding=\"async\" width=\"1678\" height=\"937\" src=\"https:\/\/i0.wp.com\/munipumanque.cl\/new\/wp-content\/uploads\/2026\/04\/CUENTA-PUBLICA-1.png?resize=1678%2C937&#038;ssl=1\" alt=\"\" class=\"wp-image-13038\" srcset=\"https:\/\/i0.wp.com\/munipumanque.cl\/new\/wp-content\/uploads\/2026\/04\/CUENTA-PUBLICA-1.png?w=1678&amp;ssl=1 1678w, https:\/\/i0.wp.com\/munipumanque.cl\/new\/wp-content\/uploads\/2026\/04\/CUENTA-PUBLICA-1.png?resize=768%2C429&amp;ssl=1 768w, https:\/\/i0.wp.com\/munipumanque.cl\/new\/wp-content\/uploads\/2026\/04\/CUENTA-PUBLICA-1.png?resize=1536%2C858&amp;ssl=1 1536w\" sizes=\"auto, (max-width: 1000px) 100vw, 1000px\" \/><\/figure>\n\n\n\n<p>En cumplimiento de lo dispuesto en el art\u00edculo 67 de la Ley N\u00b0 18.695, Org\u00e1nica Constitucional de Municipalidades, la Ilustre Municipalidad de Pumanque pone a disposici\u00f3n de la comunidad las respectivas Cuentas P\u00fablicas Municipales, presentadas por el Sr. Alcalde al Concejo Municipal.<\/p>\n\n\n\n<p>Estos documentos contienen el detalle de la gesti\u00f3n anual, el estado financiero municipal, principales proyectos ejecutados, iniciativas en desarrollo y dem\u00e1s antecedentes relevantes sobre la marcha general del municipio, con el prop\u00f3sito de fortalecer la transparencia institucional y mantener informada a la ciudadan\u00eda. Invitamos a vecinos, organizaciones y comunidad en general a revisar esta informaci\u00f3n, la cual refleja el trabajo realizado en beneficio del desarrollo comunal.<\/p>\n\n\n\n<table style=\"width:100%; border-collapse:collapse;\">\n<thead>\n<tr style=\"background:#d9e1e7;\">\n<th style=\"border:1px solid #999; padding:12px; text-align:left;\">Documento<\/th>\n<th style=\"border:1px solid #999; padding:12px; text-align:center;\">Link<\/th>\n<\/tr>\n<\/thead>\n<tbody>\n\n<tr>\n<td style=\"border:1px solid #999; padding:12px;\">Cuenta P\u00fablica Gesti\u00f3n 2025<\/td>\n<td style=\"border:1px solid #999; padding:12px; text-align:center;\">\n<a href=\"https:\/\/drive.google.com\/file\/d\/1ghri_7XNOJ2qukir1gS9Sa71cPlBJms4\/view?usp=drive_link\" target=\"_blank\">Descargar<\/a>\n<\/td>\n<\/tr>\n\n<tr>\n<td style=\"border:1px solid #999; padding:12px;\">Cuenta P\u00fablica Gesti\u00f3n 2024<\/td>\n<td style=\"border:1px solid #999; padding:12px; text-align:center;\">\n<a href=\"AQUI_LINK_PDF\" target=\"_blank\">Descargar<\/a>\n<\/td>\n<\/tr>\n\n\n<\/tbody>\n<\/table>\n","protected":false},"excerpt":{"rendered":"En cumplimiento de lo dispuesto en el art\u00edculo 67 de la Ley N\u00b0 18.695, Org\u00e1nica Constitucional de Municipalidades, la Ilustre Municipalidad de Pumanque pone a disposici\u00f3n de la comunidad las [&hellip;]","protected":false},"author":10,"featured_media":0,"parent":0,"menu_order":0,"comment_status":"closed","ping_status":"closed","template":"","meta":{"ngg_post_thumbnail":0,"footnotes":""},"class_list":["post-13037","page","type-page","status-publish","hentry"],"_links":{"self":[{"href":"https:\/\/munipumanque.cl\/new\/wp-json\/wp\/v2\/pages\/13037","targetHints":{"allow":["GET"]}}],"collection":[{"href":"https:\/\/munipumanque.cl\/new\/wp-json\/wp\/v2\/pages"}],"about":[{"href":"https:\/\/munipumanque.cl\/new\/wp-json\/wp\/v2\/types\/page"}],"author":[{"embeddable":true,"href":"https:\/\/munipumanque.cl\/new\/wp-json\/wp\/v2\/users\/10"}],"replies":[{"embeddable":true,"href":"https:\/\/munipumanque.cl\/new\/wp-json\/wp\/v2\/comments?post=13037"}],"version-history":[{"count":3,"href":"https:\/\/munipumanque.cl\/new\/wp-json\/wp\/v2\/pages\/13037\/revisions"}],"predecessor-version":[{"id":13042,"href":"https:\/\/munipumanque.cl\/new\/wp-json\/wp\/v2\/pages\/13037\/revisions\/13042"}],"wp:attachment":[{"href":"https:\/\/munipumanque.cl\/new\/wp-json\/wp\/v2\/media?parent=13037"}],"curies":[{"name":"wp","href":"https:\/\/api.w.org\/{rel}","templated":true}]}}