{"id":226,"date":"2013-05-09T17:49:42","date_gmt":"2013-05-09T17:49:42","guid":{"rendered":"http:\/\/www.vachito.com\/pumanque\/?page_id=226"},"modified":"2018-11-19T08:57:42","modified_gmt":"2018-11-19T11:57:42","slug":"secretaria-comunal-de-planificacion","status":"publish","type":"page","link":"https:\/\/munipumanque.cl\/new\/oficinas\/secretaria-comunal-de-planificacion\/","title":{"rendered":"Secretar\u00eda comunal de planificaci\u00f3n"},"content":{"rendered":"<p style=\"text-align: justify;\">Es una unidad de planificaci\u00f3n territorial, presupuestaria y de inversiones. Su objetivo, es formular e instrumentalizar la estrategia municipal, en relaci\u00f3n a las \u00a0pol\u00edticas, planes, programas y proyectos de desarrollo de la comuna. As\u00ed como la planificaci\u00f3n de su Desarrollo Urbano.<\/p>\n<p style=\"text-align: justify;\">La misi\u00f3n de esta unidad, es gestionar y articular la planificaci\u00f3n comunal en cuanto a las demandas de infraestructura y los estudios de factibilidad que estos requieran, considerando el Desarrollo Urbano esperado; as\u00ed como tambi\u00e9n la planificaci\u00f3n del presupuesto para el funcionamiento de las diversas \u00e1reas del Municipio y las inversiones de car\u00e1cter municipal en el territorio.<\/p>\n","protected":false},"excerpt":{"rendered":"Es una unidad de planificaci\u00f3n territorial, presupuestaria y de inversiones. Su objetivo, es formular e instrumentalizar la estrategia municipal, en relaci\u00f3n a las \u00a0pol\u00edticas, planes, programas y proyectos de desarrollo [&hellip;]","protected":false},"author":10,"featured_media":0,"parent":97,"menu_order":0,"comment_status":"closed","ping_status":"closed","template":"","meta":{"footnotes":""},"class_list":["post-226","page","type-page","status-publish","hentry"],"_links":{"self":[{"href":"https:\/\/munipumanque.cl\/new\/wp-json\/wp\/v2\/pages\/226","targetHints":{"allow":["GET"]}}],"collection":[{"href":"https:\/\/munipumanque.cl\/new\/wp-json\/wp\/v2\/pages"}],"about":[{"href":"https:\/\/munipumanque.cl\/new\/wp-json\/wp\/v2\/types\/page"}],"author":[{"embeddable":true,"href":"https:\/\/munipumanque.cl\/new\/wp-json\/wp\/v2\/users\/10"}],"replies":[{"embeddable":true,"href":"https:\/\/munipumanque.cl\/new\/wp-json\/wp\/v2\/comments?post=226"}],"version-history":[{"count":3,"href":"https:\/\/munipumanque.cl\/new\/wp-json\/wp\/v2\/pages\/226\/revisions"}],"predecessor-version":[{"id":8845,"href":"https:\/\/munipumanque.cl\/new\/wp-json\/wp\/v2\/pages\/226\/revisions\/8845"}],"up":[{"embeddable":true,"href":"https:\/\/munipumanque.cl\/new\/wp-json\/wp\/v2\/pages\/97"}],"wp:attachment":[{"href":"https:\/\/munipumanque.cl\/new\/wp-json\/wp\/v2\/media?parent=226"}],"curies":[{"name":"wp","href":"https:\/\/api.w.org\/{rel}","templated":true}]}}