{"id":235,"date":"2013-05-09T17:52:39","date_gmt":"2013-05-09T21:52:39","guid":{"rendered":"http:\/\/www.vachito.com\/pumanque\/?page_id=235"},"modified":"2026-04-09T15:49:00","modified_gmt":"2026-04-09T19:49:00","slug":"juzgado-de-policia-local","status":"publish","type":"page","link":"https:\/\/munipumanque.cl\/new\/oficinas\/juzgado-de-policia-local\/","title":{"rendered":"Juzgado de Polic\u00eda Local"},"content":{"rendered":"\n<p style=\"text-align: justify;\">El Juzgado de Polic\u00eda Local es un \u00f3rgano jurisdiccional al cual le competen todas aquellas materias a que se refiere la Ley N\u00ba 15.231 en la comuna.<br>La funci\u00f3n del Juzgado es administrar justicia dentro de la comuna en todas las materias en que la ley le ha dado competencia. Algunas de estas son:<\/p>\n<p style=\"text-align: justify;\"><br><strong>Infracciones de:<\/strong><br>\u2022 Ordenanzas<br>\u2022 Reglamentos<br>\u2022 Decretos Alcaldicios<\/p>\n<p style=\"text-align: justify;\"><strong>Infracciones de tr\u00e1nsito y transporte:<\/strong><br>\u2022 Accidentes de tr\u00e1nsito (salvo con lesiones graves y muerte)<br>\u2022 Partes empadronados<br>\u2022 Licencias vencidas<br><br><strong>Otras infracciones tales como:<\/strong><\/p>\n<ul style=\"text-align: justify;\">\n<li>Rentas Municipales<\/li>\n<li>Ley General de Urbanismo y Construcciones<\/li>\n<li>Ley de Protecci\u00f3n a los Consumidores<\/li>\n<li>Ley de Condominio<\/li>\n<li>Ley de Elecciones<\/li>\n<li>V\u00edas Concesionadas<\/li>\n<li>Ley de Alcoholes<\/li>\n<li>Ley de Calificaci\u00f3n Cinematogr\u00e1fica<\/li>\n<li>Pavimentaci\u00f3n<\/li>\n<li>Pesca y Caza<\/li>\n<li>Vigilantes Privados<\/li>\n<\/ul>\n<p style=\"text-align: justify;\">El Juzgado de Polic\u00eda Local est\u00e1 a cargo del Juez Letrado Luis Rodrigo San Mart\u00edn Salda\u00f1a, y su secretaria es Claudia Argomedo Gonz\u00e1lez.<\/p>\n<p style=\"text-align: justify;\">Seg\u00fan lo dispuesto por la Ilustr\u00edsima Corte de Apelaciones de Rancagua, el horario de funcionamiento del Juzgado de Polic\u00eda Local es:<\/p>\n<p style=\"text-align: justify;\">Lunes a jueves: 09:00 hrs. a 13:00 hrs. y 15:00 hrs. a 17:00 hrs.<\/p>\n<p style=\"text-align: justify;\">Viernes: 09:00 hrs a 14:30 hrs.<\/p>\n<p style=\"text-align: justify;\">Las audiencias presenciales con el Juez, mientras dura la contingencia sanitaria, son los martes de 09:00 a 12:00 horas.<\/p>\n<p>&nbsp;<\/p>\n<blockquote>\n<h1 class=\"gmail-msonospacing\" style=\"margin: 0cm; text-align: justify;\"><a href=\"https:\/\/drive.google.com\/file\/d\/16M9rWm8flhgdy6w3tWBqyHO569PIvHmw\/view?usp=sharing\"><span style=\"font-size: 14.0pt; font-family: 'Times New Roman',serif;\">Ley 21.377<\/span><\/a><\/h1>\n<h1 class=\"gmail-msonospacing\" style=\"margin: 0cm; text-align: justify;\"><a href=\"https:\/\/drive.google.com\/file\/d\/16M9rWm8flhgdy6w3tWBqyHO569PIvHmw\/view?usp=sharing\"><span style=\"font-size: 14.0pt; font-family: 'Times New Roman',serif;\">Modifica la Ley 18.290 de tr\u00e1nsito de uso de telefon\u00eda m\u00f3vil o artefacto electr\u00f3nico o digital durante la conducci\u00f3n <\/span><\/a><\/h1>\n<\/blockquote>\n<p style=\"text-align: justify;\">&nbsp;<\/p>\n<h2 style=\"text-align: center;\"><strong><u>Procedimiento ante <\/u><\/strong><strong><u>el Juzgado de Polic\u00eda Local<\/u><\/strong><\/h2>\n<p>&nbsp;<\/p>\n<p style=\"text-align: justify;\"><strong><u>En caso de una infracci\u00f3n de tr\u00e1nsito<\/u><\/strong> (Parte de Carabineros)<\/p>\n<p style=\"text-align: justify;\">La Ley le otorga al infractor la posibilidad de comparecer al Juzgado dentro de los cinco d\u00edas siguientes a que le cursaron la multa, y solicitar con la secretaria del Tribunal el descuento del 25% de la multa para de esa manera terminar de inmediato el proceso.<\/p>\n<p style=\"text-align: justify;\">En caso de no utilizar el procedimiento anterior, el infractor deber\u00e1 comparecer a la audiencia para el d\u00eda y la hora que se indica en el respectivo parte. En dicha audiencia podr\u00e1 efectuar sus descargos ante el Juez, acompa\u00f1ando todos los medios de prueba que permitan establecer su inocencia o aminorar su responsabilidad en la infracci\u00f3n denunciada (hoja de vida del conductor). En la instancia, el Juez podr\u00e1 fijar una nueva audiencia para escuchar a los testigos o efectuar las pruebas tendientes a establecer la veracidad de los descargos del infractor. Una vez escuchado el infractor, el Juez resolver\u00e1 respecto a la infracci\u00f3n.<\/p>\n<p style=\"text-align: justify;\"><strong><u>En caso de un denuncio por da\u00f1os en choque<\/u><\/strong><\/p>\n<p style=\"text-align: justify;\">Los conductores ser\u00e1n citados al Juzgado de Polic\u00eda Local, para los efectos de rendir declaraci\u00f3n indagatoria respecto a los hechos que fueron denunciados por Carabineros o un particular.<\/p>\n<p style=\"text-align: justify;\">Luego los conductores ser\u00e1n citados a una nueva audiencia, para un d\u00eda y hora determinada, en la que con la parte que asista se llevar\u00e1 a efecto el comparendo de conciliaci\u00f3n y prueba. En dicha audiencia el Tribunal escuchar\u00e1 a los testigos y recibir\u00e1 los diferentes medios de prueba que los conductores acompa\u00f1en en aquel momento.<\/p>\n<p style=\"text-align: justify;\">Si alguna de las partes quiere presentar testigo deber\u00e1 acompa\u00f1ar una lista con el nombre completo, actividad y domicilio de los testigos <strong><u>antes de las 12:00 horas del d\u00eda h\u00e1bil anterior al de la audiencia<\/u><\/strong>, de lo contrario, no se recepcionar\u00e1 prueba de testigos.<\/p>\n<p style=\"text-align: justify;\">En caso de que alguno de los participantes en el accidente quiere cobrar los da\u00f1os sufridos por alguno de los veh\u00edculos involucrados y cuya cuant\u00eda exceda las 2 Unidades Tributarias Mensuales (UTM), deber\u00e1 hacerlo por medio de abogado habilitado para el ejercicio de la profesi\u00f3n.<\/p>\n<p style=\"text-align: justify;\">El comparendo se realiza con las partes que asistan, el d\u00eda y hora que el Tribunal fij\u00f3 para su celebraci\u00f3n<strong>.<\/strong><\/p>\n<p style=\"text-align: justify;\"><strong>&nbsp;<\/strong>En Pumanque, el Juzgado de Polic\u00eda Local se encuentra emplazado en el edificio Consistorial de la Municipalidad de Pumanque, ubicada en calle<strong> Luis Antonio Baraona 120.<\/strong><\/p>\n<p style=\"text-align: justify;\"><strong><u>Tel\u00e9fono<\/u><\/strong> 72-2605260<\/p>\n<p style=\"text-align: justify;\"><strong><u>Email <\/u><\/strong>&nbsp;<a href=\"mailto:jplpumanque@gmail.com\">jplpumanque@gmail.com<\/a>&nbsp; \/ jpl@munipumanque.cl<\/p>\n<p>&nbsp;<\/p>\n<p>&nbsp;<\/p>\n\n\n\n<figure class=\"wp-block-gallery has-nested-images columns-default is-cropped wp-block-gallery-1 is-layout-flex wp-block-gallery-is-layout-flex\">\n<figure class=\"wp-block-image size-large\"><img data-recalc-dims=\"1\" loading=\"lazy\" decoding=\"async\" width=\"1024\" height=\"768\" data-id=\"10056\" src=\"https:\/\/i0.wp.com\/munipumanque.cl\/new\/wp-content\/uploads\/2021\/08\/foto-juzgado-2-scaled.jpg?resize=1024%2C768&#038;ssl=1\" alt=\"\" class=\"wp-image-10056\" srcset=\"https:\/\/i0.wp.com\/munipumanque.cl\/new\/wp-content\/uploads\/2021\/08\/foto-juzgado-2-scaled.jpg?w=1024&amp;ssl=1 1024w, https:\/\/i0.wp.com\/munipumanque.cl\/new\/wp-content\/uploads\/2021\/08\/foto-juzgado-2-scaled.jpg?resize=768%2C576&amp;ssl=1 768w, https:\/\/i0.wp.com\/munipumanque.cl\/new\/wp-content\/uploads\/2021\/08\/foto-juzgado-2-scaled.jpg?resize=1536%2C1153&amp;ssl=1 1536w\" sizes=\"auto, (max-width: 1000px) 100vw, 1000px\" \/><\/figure>\n\n\n\n<figure class=\"wp-block-image size-large\"><img data-recalc-dims=\"1\" loading=\"lazy\" decoding=\"async\" width=\"768\" height=\"1024\" data-id=\"10057\" src=\"https:\/\/i0.wp.com\/munipumanque.cl\/new\/wp-content\/uploads\/2021\/08\/foto-juzgado-3-scaled.jpg?resize=768%2C1024&#038;ssl=1\" alt=\"\" class=\"wp-image-10057\" srcset=\"https:\/\/i0.wp.com\/munipumanque.cl\/new\/wp-content\/uploads\/2021\/08\/foto-juzgado-3-scaled.jpg?w=768&amp;ssl=1 768w, https:\/\/i0.wp.com\/munipumanque.cl\/new\/wp-content\/uploads\/2021\/08\/foto-juzgado-3-scaled.jpg?resize=1153%2C1536&amp;ssl=1 1153w\" sizes=\"auto, (max-width: 768px) 100vw, 768px\" \/><\/figure>\n<\/figure>\n","protected":false},"excerpt":{"rendered":"","protected":false},"author":10,"featured_media":0,"parent":97,"menu_order":0,"comment_status":"closed","ping_status":"closed","template":"","meta":{"footnotes":""},"class_list":["post-235","page","type-page","status-publish","hentry"],"_links":{"self":[{"href":"https:\/\/munipumanque.cl\/new\/wp-json\/wp\/v2\/pages\/235","targetHints":{"allow":["GET"]}}],"collection":[{"href":"https:\/\/munipumanque.cl\/new\/wp-json\/wp\/v2\/pages"}],"about":[{"href":"https:\/\/munipumanque.cl\/new\/wp-json\/wp\/v2\/types\/page"}],"author":[{"embeddable":true,"href":"https:\/\/munipumanque.cl\/new\/wp-json\/wp\/v2\/users\/10"}],"replies":[{"embeddable":true,"href":"https:\/\/munipumanque.cl\/new\/wp-json\/wp\/v2\/comments?post=235"}],"version-history":[{"count":29,"href":"https:\/\/munipumanque.cl\/new\/wp-json\/wp\/v2\/pages\/235\/revisions"}],"predecessor-version":[{"id":12975,"href":"https:\/\/munipumanque.cl\/new\/wp-json\/wp\/v2\/pages\/235\/revisions\/12975"}],"up":[{"embeddable":true,"href":"https:\/\/munipumanque.cl\/new\/wp-json\/wp\/v2\/pages\/97"}],"wp:attachment":[{"href":"https:\/\/munipumanque.cl\/new\/wp-json\/wp\/v2\/media?parent=235"}],"curies":[{"name":"wp","href":"https:\/\/api.w.org\/{rel}","templated":true}]}}