{"id":95,"date":"2013-04-17T23:15:28","date_gmt":"2013-04-17T23:15:28","guid":{"rendered":"http:\/\/www.vachito.com\/pumanque\/?page_id=95"},"modified":"2024-12-09T16:44:07","modified_gmt":"2024-12-09T19:44:07","slug":"concejo-municipal","status":"publish","type":"page","link":"https:\/\/munipumanque.cl\/new\/municipalidad\/concejo-municipal\/","title":{"rendered":"Concejo Municipal Periodo 2024 &#8211; 2028"},"content":{"rendered":"\n<figure class=\"wp-block-table is-style-stripes\"><table class=\"has-fixed-layout\"><tbody><tr><td class=\"has-text-align-center\" data-align=\"center\"><strong>Jos\u00e9 Luis Belmar Villal\u00f3n\u00a0<\/strong><\/td><td class=\"has-text-align-center\" data-align=\"center\"><strong>William Jorquera Reyes<\/strong><\/td><\/tr><tr><td class=\"has-text-align-center\" data-align=\"center\"><figure><a href=\"https:\/\/i0.wp.com\/munipumanque.cl\/new\/wp-content\/uploads\/2024\/12\/jose-luis-belmar-1.jpg?ssl=1\"><img data-recalc-dims=\"1\" loading=\"lazy\" decoding=\"async\" width=\"628\" height=\"560\" class=\"aligncenter wp-image-12488 size-full\" src=\"https:\/\/i0.wp.com\/munipumanque.cl\/new\/wp-content\/uploads\/2024\/12\/jose-luis-belmar-1.jpg?resize=628%2C560&#038;ssl=1\" alt=\"\"><\/a><\/figure>jose.belmar@munipumanque.cl<br><\/td><td class=\"has-text-align-center\" data-align=\"center\"><figure><a href=\"https:\/\/i0.wp.com\/munipumanque.cl\/new\/wp-content\/uploads\/2024\/12\/william-jorquera-2.jpg?ssl=1\"><img data-recalc-dims=\"1\" loading=\"lazy\" decoding=\"async\" width=\"628\" height=\"561\" class=\"aligncenter wp-image-12494 size-full\" src=\"https:\/\/i0.wp.com\/munipumanque.cl\/new\/wp-content\/uploads\/2024\/12\/william-jorquera-2.jpg?resize=628%2C561&#038;ssl=1\" alt=\"\"><\/a><\/figure>william.jorquera@munipumanque.cl<br><\/td><\/tr><tr><td class=\"has-text-align-center\" data-align=\"center\"><strong>Emilio Soto Cornejo<\/strong><\/td><td class=\"has-text-align-center\" data-align=\"center\"><strong><span lang=\"ES-MX\">Marco Carre\u00f1o Gonz\u00e1lez<\/span><\/strong><\/td><\/tr><tr><td class=\"has-text-align-center\" data-align=\"center\"><figure><a href=\"https:\/\/i0.wp.com\/munipumanque.cl\/new\/wp-content\/uploads\/2024\/12\/emilio-soto-2.jpg?ssl=1\"><img data-recalc-dims=\"1\" loading=\"lazy\" decoding=\"async\" width=\"628\" height=\"561\" class=\"aligncenter wp-image-12495 size-full\" src=\"https:\/\/i0.wp.com\/munipumanque.cl\/new\/wp-content\/uploads\/2024\/12\/emilio-soto-2.jpg?resize=628%2C561&#038;ssl=1\" alt=\"\"><\/a><\/figure>emilio.soto@munipumanque.cl<br><\/td><td class=\"has-text-align-center\" data-align=\"center\"><figure><a href=\"https:\/\/i0.wp.com\/munipumanque.cl\/new\/wp-content\/uploads\/2024\/12\/marco-carreno.jpg?ssl=1\"><img data-recalc-dims=\"1\" loading=\"lazy\" decoding=\"async\" width=\"628\" height=\"560\" class=\"aligncenter wp-image-12491 size-full\" src=\"https:\/\/i0.wp.com\/munipumanque.cl\/new\/wp-content\/uploads\/2024\/12\/marco-carreno.jpg?resize=628%2C560&#038;ssl=1\" alt=\"\"><\/a><\/figure>marco.carreno@munipumanque.cl<br><\/td><\/tr><tr><td class=\"has-text-align-center\" data-align=\"center\"><strong>Carlos Cabrera Fa\u00fandes<\/strong><\/td><td class=\"has-text-align-center\" data-align=\"center\"><strong>Luis Brito Galaz<\/strong><\/td><\/tr><tr><td class=\"has-text-align-center\" data-align=\"center\"><figure><a href=\"https:\/\/i0.wp.com\/munipumanque.cl\/new\/wp-content\/uploads\/2024\/12\/carlos-cabrera.jpg?ssl=1\"><img data-recalc-dims=\"1\" loading=\"lazy\" decoding=\"async\" width=\"628\" height=\"561\" class=\"aligncenter wp-image-12492 size-full\" src=\"https:\/\/i0.wp.com\/munipumanque.cl\/new\/wp-content\/uploads\/2024\/12\/carlos-cabrera.jpg?resize=628%2C561&#038;ssl=1\" alt=\"\"><\/a><\/figure>carlos.cabrera@munipumanque.cl<br><\/td><td class=\"has-text-align-center\" data-align=\"center\"><figure><a href=\"https:\/\/i0.wp.com\/munipumanque.cl\/new\/wp-content\/uploads\/2024\/12\/luis-brito.jpg?ssl=1\"><img data-recalc-dims=\"1\" loading=\"lazy\" decoding=\"async\" width=\"628\" height=\"561\" class=\"aligncenter wp-image-12493 size-full\" src=\"https:\/\/i0.wp.com\/munipumanque.cl\/new\/wp-content\/uploads\/2024\/12\/luis-brito.jpg?resize=628%2C561&#038;ssl=1\" alt=\"\"><\/a><\/figure>luis.brito@munipumanque.cl<br><\/td><\/tr><\/tbody><\/table><\/figure>\n\n\n\n<p><b>\u00bfCu\u00e1les son las principales funciones del Concejo Municipal?<\/b><br>El Concejo debe normar, resolver, y fiscalizar.<\/p>\n\n\n\n<p><b>Normar: a requerimiento del alcalde, el Concejo debe dar su acuerdo para:<\/b><\/p>\n\n\n\n<ul class=\"wp-block-list\">\n<li>Dictar las ordenanzas municipales y el reglamento que establecen la organizaci\u00f3n interna del municipio.<\/li>\n\n\n\n<li>Aprobar el plan comunal de desarrollo, el presupuesto municipal y los de salud y educaci\u00f3n, los programas de inversi\u00f3n, el plan regulador comunal y las pol\u00edticas de recursos humanos, prestaci\u00f3n de servicios municipales y de concesiones, permisos y licitaciones.<\/li>\n\n\n\n<li>Resolver materias en que las leyes exigen acuerdo del concejo.<\/li>\n<\/ul>\n\n\n\n<p><b>Fiscalizar:<\/b><\/p>\n\n\n\n<ul class=\"wp-block-list\">\n<li>La gesti\u00f3n del alcalde, especialmente para verificar que los actos municipales se hayan ajustado a las pol\u00edticas, normas y acuerdos adoptados por el concejo.<\/li>\n\n\n\n<li>El cumplimiento de los planes y programas de inversi\u00f3n municipal<\/li>\n\n\n\n<li>La ejecuci\u00f3n del presupuesto.<\/li>\n<\/ul>\n\n\n\n<p>El concejo, por la mayor\u00eda de sus miembros, puede disponer la contrataci\u00f3n de una&nbsp;<b>auditor\u00eda externa<\/b>&nbsp;que eval\u00fae la ejecuci\u00f3n presupuestaria y el estado de situaci\u00f3n financiera del municipio.<\/p>\n\n\n\n<p><b>\u00bfCu\u00e1les son las principales atribuciones de los concejales?<\/b><\/p>\n\n\n\n<ul class=\"wp-block-list\">\n<li>Elegir al alcalde, en caso de vacancia.<\/li>\n\n\n\n<li>Pronunciarse sobre el plan comunal de desarrollo, el presupuesto municipal, y varias otras materias.<\/li>\n\n\n\n<li>Fiscalizar el cumplimiento de los planes y programas de inversi\u00f3n municipal y la ejecuci\u00f3n del presupuesto municipal, analizar el registro p\u00fablico mensual de gastos detallados que lleva la Direcci\u00f3n de Administraci\u00f3n y Finanzas.<\/li>\n\n\n\n<li>Fiscalizar las actuaciones del alcalde y formularle las observaciones que le merezcan<\/li>\n\n\n\n<li>Recomendar al alcalde prioridades en la formulaci\u00f3n y ejecuci\u00f3n de proyectos espec\u00edficos y medidas concretas de desarrollo comunal.<\/li>\n\n\n\n<li>Solicitar informe a las empresas, corporaciones o fundaciones municipales, y a las entidades que reciban aportes o subvenciones de la municipalidad.<\/li>\n\n\n\n<li>Fiscalizar las unidades y servicios municipales.<\/li>\n\n\n\n<li>Supervisar el cumplimiento del plan comunal de desarrollo.<\/li>\n<\/ul>\n\n\n\n<p>Entre otras atribuciones que menciona la Ley de Municipalidades.<\/p>\n\n\n\n<p><b>\u00bfC\u00f3mo funciona el Concejo?<\/b><br>El concejo puede reunirse en sesiones ordinarias y extraordinarias. Las sesiones ordinarias se efect\u00faan a lo menos dos veces al mes, donde puede tratarse cualquier materia que sea de competencia del concejo.<\/p>\n\n\n\n<p>Las sesiones extraordinarias son convocadas por el alcalde o por un tercio, a lo menos, de los concejales en ejercicio. En estas sesiones s\u00f3lo pueden tratarse aquellas materias indicadas en la convocatoria.<\/p>\n\n\n\n<p>Las sesiones son p\u00fablicas, a menos que dos tercios de los concejales presentes acuerden que determinadas sesiones sean secretas.<\/p>\n\n\n\n<figure class=\"wp-block-image size-full is-style-rounded\"><img data-recalc-dims=\"1\" loading=\"lazy\" decoding=\"async\" width=\"2048\" height=\"1150\" src=\"https:\/\/i0.wp.com\/munipumanque.cl\/new\/wp-content\/uploads\/2024\/12\/469360994_980951627403167_23655097946732944_n.jpg?resize=2048%2C1150&#038;ssl=1\" alt=\"\" class=\"wp-image-12496\" srcset=\"https:\/\/i0.wp.com\/munipumanque.cl\/new\/wp-content\/uploads\/2024\/12\/469360994_980951627403167_23655097946732944_n.jpg?w=2048&amp;ssl=1 2048w, https:\/\/i0.wp.com\/munipumanque.cl\/new\/wp-content\/uploads\/2024\/12\/469360994_980951627403167_23655097946732944_n.jpg?resize=768%2C431&amp;ssl=1 768w, https:\/\/i0.wp.com\/munipumanque.cl\/new\/wp-content\/uploads\/2024\/12\/469360994_980951627403167_23655097946732944_n.jpg?resize=1536%2C863&amp;ssl=1 1536w\" sizes=\"auto, (max-width: 1000px) 100vw, 1000px\" \/><\/figure>\n","protected":false},"excerpt":{"rendered":"Jos\u00e9 Luis Belmar Villal\u00f3n\u00a0 William Jorquera Reyes jose.belmar@munipumanque.cl william.jorquera@munipumanque.cl Emilio Soto Cornejo Marco Carre\u00f1o Gonz\u00e1lez emilio.soto@munipumanque.cl marco.carreno@munipumanque.cl Carlos Cabrera Fa\u00fandes Luis Brito Galaz carlos.cabrera@munipumanque.cl luis.brito@munipumanque.cl \u00bfCu\u00e1les son las principales funciones [&hellip;]","protected":false},"author":10,"featured_media":0,"parent":81,"menu_order":0,"comment_status":"closed","ping_status":"closed","template":"","meta":{"footnotes":""},"class_list":["post-95","page","type-page","status-publish","hentry"],"_links":{"self":[{"href":"https:\/\/munipumanque.cl\/new\/wp-json\/wp\/v2\/pages\/95","targetHints":{"allow":["GET"]}}],"collection":[{"href":"https:\/\/munipumanque.cl\/new\/wp-json\/wp\/v2\/pages"}],"about":[{"href":"https:\/\/munipumanque.cl\/new\/wp-json\/wp\/v2\/types\/page"}],"author":[{"embeddable":true,"href":"https:\/\/munipumanque.cl\/new\/wp-json\/wp\/v2\/users\/10"}],"replies":[{"embeddable":true,"href":"https:\/\/munipumanque.cl\/new\/wp-json\/wp\/v2\/comments?post=95"}],"version-history":[{"count":22,"href":"https:\/\/munipumanque.cl\/new\/wp-json\/wp\/v2\/pages\/95\/revisions"}],"predecessor-version":[{"id":12499,"href":"https:\/\/munipumanque.cl\/new\/wp-json\/wp\/v2\/pages\/95\/revisions\/12499"}],"up":[{"embeddable":true,"href":"https:\/\/munipumanque.cl\/new\/wp-json\/wp\/v2\/pages\/81"}],"wp:attachment":[{"href":"https:\/\/munipumanque.cl\/new\/wp-json\/wp\/v2\/media?parent=95"}],"curies":[{"name":"wp","href":"https:\/\/api.w.org\/{rel}","templated":true}]}}

<figure class="wp-block-table is-style-stripes"><table class="has-fixed-layout"><tbody><tr><td class="has-text-align-center" data-align="center"><strong>José Luis Belmar Villalón </strong></td><td class="has-text-align-center" data-align="center"><strong>William Jorquera Reyes</strong></td></tr><tr><td class="has-text-align-center" data-align="center"><figure><a href="https://i0.wp.com/munipumanque.cl/new/wp-content/uploads/2024/12/jose-luis-belmar-1.jpg?ssl=1"><img data-recalc-dims="1" loading="lazy" decoding="async" width="628" height="560" class="aligncenter wp-image-12488 size-full" src="https://i0.wp.com/munipumanque.cl/new/wp-content/uploads/2024/12/jose-luis-belmar-1.jpg?resize=628%2C560&#038;ssl=1" alt=""></a></figure>jose.belmar@munipumanque.cl<br></td><td class="has-text-align-center" data-align="center"><figure><a href="https://i0.wp.com/munipumanque.cl/new/wp-content/uploads/2024/12/william-jorquera-2.jpg?ssl=1"><img data-recalc-dims="1" loading="lazy" decoding="async" width="628" height="561" class="aligncenter wp-image-12494 size-full" src="https://i0.wp.com/munipumanque.cl/new/wp-content/uploads/2024/12/william-jorquera-2.jpg?resize=628%2C561&#038;ssl=1" alt=""></a></figure>william.jorquera@munipumanque.cl<br></td></tr><tr><td class="has-text-align-center" data-align="center"><strong>Emilio Soto Cornejo</strong></td><td class="has-text-align-center" data-align="center"><strong><span lang="ES-MX">Marco Carreño González</span></strong></td></tr><tr><td class="has-text-align-center" data-align="center"><figure><a href="https://i0.wp.com/munipumanque.cl/new/wp-content/uploads/2024/12/emilio-soto-2.jpg?ssl=1"><img data-recalc-dims="1" loading="lazy" decoding="async" width="628" height="561" class="aligncenter wp-image-12495 size-full" src="https://i0.wp.com/munipumanque.cl/new/wp-content/uploads/2024/12/emilio-soto-2.jpg?resize=628%2C561&#038;ssl=1" alt=""></a></figure>emilio.soto@munipumanque.cl<br></td><td class="has-text-align-center" data-align="center"><figure><a href="https://i0.wp.com/munipumanque.cl/new/wp-content/uploads/2024/12/marco-carreno.jpg?ssl=1"><img data-recalc-dims="1" loading="lazy" decoding="async" width="628" height="560" class="aligncenter wp-image-12491 size-full" src="https://i0.wp.com/munipumanque.cl/new/wp-content/uploads/2024/12/marco-carreno.jpg?resize=628%2C560&#038;ssl=1" alt=""></a></figure>marco.carreno@munipumanque.cl<br></td></tr><tr><td class="has-text-align-center" data-align="center"><strong>Carlos Cabrera Faúndes</strong></td><td class="has-text-align-center" data-align="center"><strong>Luis Brito Galaz</strong></td></tr><tr><td class="has-text-align-center" data-align="center"><figure><a href="https://i0.wp.com/munipumanque.cl/new/wp-content/uploads/2024/12/carlos-cabrera.jpg?ssl=1"><img data-recalc-dims="1" loading="lazy" decoding="async" width="628" height="561" class="aligncenter wp-image-12492 size-full" src="https://i0.wp.com/munipumanque.cl/new/wp-content/uploads/2024/12/carlos-cabrera.jpg?resize=628%2C561&#038;ssl=1" alt=""></a></figure>carlos.cabrera@munipumanque.cl<br></td><td class="has-text-align-center" data-align="center"><figure><a href="https://i0.wp.com/munipumanque.cl/new/wp-content/uploads/2024/12/luis-brito.jpg?ssl=1"><img data-recalc-dims="1" loading="lazy" decoding="async" width="628" height="561" class="aligncenter wp-image-12493 size-full" src="https://i0.wp.com/munipumanque.cl/new/wp-content/uploads/2024/12/luis-brito.jpg?resize=628%2C561&#038;ssl=1" alt=""></a></figure>luis.brito@munipumanque.cl<br></td></tr></tbody></table></figure>



<p><b>¿Cuáles son las principales funciones del Concejo Municipal?</b><br>El Concejo debe normar, resolver, y fiscalizar.</p>



<p><b>Normar: a requerimiento del alcalde, el Concejo debe dar su acuerdo para:</b></p>



<ul class="wp-block-list">
<li>Dictar las ordenanzas municipales y el reglamento que establecen la organización interna del municipio.</li>



<li>Aprobar el plan comunal de desarrollo, el presupuesto municipal y los de salud y educación, los programas de inversión, el plan regulador comunal y las políticas de recursos humanos, prestación de servicios municipales y de concesiones, permisos y licitaciones.</li>



<li>Resolver materias en que las leyes exigen acuerdo del concejo.</li>
</ul>



<p><b>Fiscalizar:</b></p>



<ul class="wp-block-list">
<li>La gestión del alcalde, especialmente para verificar que los actos municipales se hayan ajustado a las políticas, normas y acuerdos adoptados por el concejo.</li>



<li>El cumplimiento de los planes y programas de inversión municipal</li>



<li>La ejecución del presupuesto.</li>
</ul>



<p>El concejo, por la mayoría de sus miembros, puede disponer la contratación de una&nbsp;<b>auditoría externa</b>&nbsp;que evalúe la ejecución presupuestaria y el estado de situación financiera del municipio.</p>



<p><b>¿Cuáles son las principales atribuciones de los concejales?</b></p>



<ul class="wp-block-list">
<li>Elegir al alcalde, en caso de vacancia.</li>



<li>Pronunciarse sobre el plan comunal de desarrollo, el presupuesto municipal, y varias otras materias.</li>



<li>Fiscalizar el cumplimiento de los planes y programas de inversión municipal y la ejecución del presupuesto municipal, analizar el registro público mensual de gastos detallados que lleva la Dirección de Administración y Finanzas.</li>



<li>Fiscalizar las actuaciones del alcalde y formularle las observaciones que le merezcan</li>



<li>Recomendar al alcalde prioridades en la formulación y ejecución de proyectos específicos y medidas concretas de desarrollo comunal.</li>



<li>Solicitar informe a las empresas, corporaciones o fundaciones municipales, y a las entidades que reciban aportes o subvenciones de la municipalidad.</li>



<li>Fiscalizar las unidades y servicios municipales.</li>



<li>Supervisar el cumplimiento del plan comunal de desarrollo.</li>
</ul>



<p>Entre otras atribuciones que menciona la Ley de Municipalidades.</p>



<p><b>¿Cómo funciona el Concejo?</b><br>El concejo puede reunirse en sesiones ordinarias y extraordinarias. Las sesiones ordinarias se efectúan a lo menos dos veces al mes, donde puede tratarse cualquier materia que sea de competencia del concejo.</p>



<p>Las sesiones extraordinarias son convocadas por el alcalde o por un tercio, a lo menos, de los concejales en ejercicio. En estas sesiones sólo pueden tratarse aquellas materias indicadas en la convocatoria.</p>



<p>Las sesiones son públicas, a menos que dos tercios de los concejales presentes acuerden que determinadas sesiones sean secretas.</p>



<figure class="wp-block-image size-full is-style-rounded"><img data-recalc-dims="1" loading="lazy" decoding="async" width="2048" height="1150" src="https://i0.wp.com/munipumanque.cl/new/wp-content/uploads/2024/12/469360994_980951627403167_23655097946732944_n.jpg?resize=2048%2C1150&#038;ssl=1" alt="" class="wp-image-12496" srcset="https://i0.wp.com/munipumanque.cl/new/wp-content/uploads/2024/12/469360994_980951627403167_23655097946732944_n.jpg?w=2048&amp;ssl=1 2048w, https://i0.wp.com/munipumanque.cl/new/wp-content/uploads/2024/12/469360994_980951627403167_23655097946732944_n.jpg?resize=768%2C431&amp;ssl=1 768w, https://i0.wp.com/munipumanque.cl/new/wp-content/uploads/2024/12/469360994_980951627403167_23655097946732944_n.jpg?resize=1536%2C863&amp;ssl=1 1536w" sizes="auto, (max-width: 1000px) 100vw, 1000px" /></figure>

José Luis Belmar Villalón  William Jorquera Reyes jose.belmar@munipumanque.cl william.jorquera@munipumanque.cl Emilio Soto Cornejo Marco Carreño González emilio.soto@munipumanque.cl marco.carreno@munipumanque.cl Carlos Cabrera Faúndes Luis Brito Galaz carlos.cabrera@munipumanque.cl luis.brito@munipumanque.cl ¿Cuáles son las principales funciones [&hellip;]
